{"id":1402,"date":"2023-08-17T02:20:53","date_gmt":"2023-08-17T02:20:53","guid":{"rendered":"https:\/\/cookinrio.com\/food\/?page_id=1402"},"modified":"2024-07-25T04:52:40","modified_gmt":"2024-07-25T04:52:40","slug":"street-foods-to-eat-in-brazil","status":"publish","type":"page","link":"https:\/\/cookinrio.com\/food\/foods-to-try-in-brazil\/street-foods-to-eat-in-brazil\/","title":{"rendered":"Street foods and snacks to eat in Brazil"},"content":{"rendered":"<p>\n\n\n<figure class=\"wp-block-image size-full\"><img fetchpriority=\"high\" decoding=\"async\" width=\"638\" height=\"850\" src=\"https:\/\/cookinrio.com\/food\/wp-content\/uploads\/2023\/10\/rfp11a-2013-web156.jpg\" alt=\"street foods and snacks brochure, Street foods and snacks to eat in brazil\" class=\"wp-image-1732\" srcset=\"https:\/\/cookinrio.com\/food\/wp-content\/uploads\/2023\/10\/rfp11a-2013-web156.jpg 638w, https:\/\/cookinrio.com\/food\/wp-content\/uploads\/2023\/10\/rfp11a-2013-web156-225x300.jpg 225w\" sizes=\"(max-width: 638px) 100vw, 638px\" \/><\/figure>\n\n\n\n<figure class=\"wp-block-image size-full\"><img decoding=\"async\" width=\"638\" height=\"850\" src=\"https:\/\/cookinrio.com\/food\/wp-content\/uploads\/2023\/10\/rfp11a-2013-web157.jpg\" alt=\"\" class=\"wp-image-1733\" srcset=\"https:\/\/cookinrio.com\/food\/wp-content\/uploads\/2023\/10\/rfp11a-2013-web157.jpg 638w, https:\/\/cookinrio.com\/food\/wp-content\/uploads\/2023\/10\/rfp11a-2013-web157-225x300.jpg 225w\" sizes=\"(max-width: 638px) 100vw, 638px\" \/><\/figure>\n\n\n\n<p><\/p>\n\n\n\n<h2 class=\"wp-block-heading\"><strong>Top mouth-watering street foods and snacks to <a href=\"https:\/\/cookinrio.com\/food\/\">eat in Brazil<\/a><\/strong><\/h2>\n\n\n\n<p><\/p>\n\n\n\n<\/p>\n<p><strong><br \/>P\u00e3o de Queijo:<\/strong> Cheese puffs like you have never had before. An absolute must.<\/p>\n<p>\n\n\n\n<p><\/p>\n\n\n\n<p><strong>Pastel de Carne:<\/strong> Very much like a deep-fried beef fried wonton. In fact, you must try this.<\/p>\n\n\n\n<p><\/p>\n\n\n\n<p><\/p>\n\n\n\n<p><strong>Pastel de Queijo\/Camar\u00e3o:<\/strong> Just like above, but with cheese or shrimp.<\/p>\n\n\n\n<p><\/p>\n\n\n<p><strong>Empada de Camar\u00e3o:<\/strong> Shrimp cup pastry.<\/p>\n<p>\u00a0<\/p>\n\n<p><strong>Kibe:<\/strong>\u00a0 This Arabic snack is made from deep-fried whole-wheat surrounding a spicy ground beef center.<\/p>\n<p>\u00a0<\/p>\n\n<p><strong>Coxinha:<\/strong> Shredded chicken inside deep-fried dough.<\/p>\n<p>\u00a0<\/p>\n\n<p><strong>Bolinho de Aipim:<\/strong> Deep-fried cassava dough with a ground beef center.<\/p>\n<p>\u00a0<\/p>\n\n<p><strong>Croquete de Carne:<\/strong> Oven-baked whole-wheat dough with ground beef center.<\/p>\n<p>\u00a0<\/p>\n\n<p><strong>P\u00e3o de Batata:<\/strong> Potato bread with chicken, sausage, or ground beef center.<\/p>\n<p>\u00a0<\/p>\n\n<p><strong>Cachorro Quente (hot dog)<br \/><\/strong>A variation of the NY-style hotdog: bread, sausage, tomato sauce with onions and peppers, then optional: corn, string potatoes, parmesan, and other stuff. Forget the other stuff.<\/p>\n<p>\u00a0<\/p>\n\n<p><strong>Cachorro Quente de Forno: <\/strong>Oven-baked hotdog in croissant-shaped bread.<\/p>\n<p>\u00a0<\/p>\n\n<p><strong>Esfiha: <\/strong>A tri-folded pizza of Arabic origin. A definite must-try.<\/p>\n<p>\u00a0<\/p>\n\n<p><strong>Churros:<\/strong> Deep fried dough filled with none other than doce de leite (caramel\u2019s rich cousin). Then roll in cinnamon sugar. Mmmmm, delicious.<\/p>\n<p>\u00a0<\/p>\n\n<p><strong>Misto Quente:<\/strong> Ham and cheese sandwich, made with stringy mozzarella. A must and usually very safe.<\/p>\n<p>\u00a0<\/p>\n\n<p><strong>Hamburger\/x-burger:<\/strong> Hamburger\/Cheeseburger.<\/p>\n<p>\u00a0<\/p>\n\n<p><strong>X-Tudo:<\/strong> Double cheeseburger with everything they have to offer: bacon, fried egg, sausage, shredded chicken, string potatoes, corn, etc.<\/p>\n<p>\u00a0<\/p>\n\n<p><strong>Salsich\u00e3o:<\/strong> A big hotdog sausage on a stick, grilled then pointlessly dipped in vinaigrette and farofa.<\/p>\n<p>\u00a0<\/p>\n\n<p><strong>Pastel de Forno:<\/strong> Oven-baked folded pie with various flavored fillings. Usually great.<\/p>\n<p>\u00a0<\/p>\n\n<p><strong>Bolinho de Bacalhau:<\/strong> Cod fish cake in ball format. Very good. Eat it with olive oil. Don\u2019t try the peppers.<\/p>\n<p>\u00a0<\/p>\n\n<p><strong>Folheado:<\/strong> A flat croissant filled with ham and cheese, spinach, or chicken.<\/p>\n<p>\u00a0<\/p>\n\n<p><strong>Joelho: <\/strong>The poor man\u2019s ham and cheese croissant. So doughy, you\u2019ll need 3 cokes to choke this down. Waste of money.<\/p>\n<p>\u00a0<\/p>\n\n<p><strong>Sanduiche Natural: <\/strong>Simple sandwich with lettuce, tomatoes, cheese, and ham and\/or variations of these, without any condiments. Light and healthy.<\/p>\n<p>\u00a0<\/p>\n\n\n<figure class=\"wp-block-embed is-type-video is-provider-youtube wp-block-embed-youtube wp-embed-aspect-16-9 wp-has-aspect-ratio\"><div class=\"wp-block-embed__wrapper\">\n<div class=\"ast-oembed-container\" style=\"height: 100%;\"><iframe title=\"4 Street foods to try in Brazil\" width=\"500\" height=\"281\" src=\"https:\/\/www.youtube.com\/embed\/1yBEIyBpnoA?feature=oembed\" frameborder=\"0\" allow=\"accelerometer; autoplay; clipboard-write; encrypted-media; gyroscope; picture-in-picture; web-share\" referrerpolicy=\"strict-origin-when-cross-origin\" allowfullscreen><\/iframe><\/div>\n<\/div><\/figure>\n\n\n<\/p>","protected":false},"excerpt":{"rendered":"<p>Top mouth-watering street foods and snacks to eat in Brazil P\u00e3o de Queijo: Cheese puffs like you have never had before. An absolute must. Pastel de Carne: Very much like a deep-fried beef fried wonton. In fact, you must try this. Pastel de Queijo\/Camar\u00e3o: Just like above, but with cheese or shrimp. Empada de Camar\u00e3o: &hellip;<\/p>\n<p class=\"read-more\"> <a class=\"\" href=\"https:\/\/cookinrio.com\/food\/foods-to-try-in-brazil\/street-foods-to-eat-in-brazil\/\"> <span class=\"screen-reader-text\">Street foods and snacks to eat in Brazil<\/span> Read More &raquo;<\/a><\/p>\n","protected":false},"author":1,"featured_media":0,"parent":1735,"menu_order":0,"comment_status":"closed","ping_status":"closed","template":"","meta":{"site-sidebar-layout":"default","site-content-layout":"","ast-site-content-layout":"default","site-content-style":"default","site-sidebar-style":"default","ast-global-header-display":"","ast-banner-title-visibility":"","ast-main-header-display":"","ast-hfb-above-header-display":"","ast-hfb-below-header-display":"","ast-hfb-mobile-header-display":"","site-post-title":"","ast-breadcrumbs-content":"","ast-featured-img":"","footer-sml-layout":"","theme-transparent-header-meta":"","adv-header-id-meta":"","stick-header-meta":"","header-above-stick-meta":"","header-main-stick-meta":"","header-below-stick-meta":"","astra-migrate-meta-layouts":"set","footnotes":""},"class_list":["post-1402","page","type-page","status-publish","hentry"],"yoast_head":"<!-- This site is optimized with the Yoast SEO plugin v25.5 - https:\/\/yoast.com\/wordpress\/plugins\/seo\/ -->\n<title>Street foods to eat in brazil | best mouth watering street foods guide<\/title>\n<meta name=\"description\" content=\"Explore mouth watering Best street foods and snacks to eat in Brazil, from savory past\u00e9is to sweet a\u00e7a\u00ed, a true taste adventure.\" \/>\n<meta name=\"robots\" content=\"index, follow, max-snippet:-1, max-image-preview:large, max-video-preview:-1\" \/>\n<link rel=\"canonical\" href=\"https:\/\/cookinrio.com\/food\/foods-to-try-in-brazil\/street-foods-to-eat-in-brazil\/\" \/>\n<meta property=\"og:locale\" content=\"en_US\" \/>\n<meta property=\"og:type\" content=\"article\" \/>\n<meta property=\"og:title\" content=\"Street foods to eat in brazil | best mouth watering street foods guide\" \/>\n<meta property=\"og:description\" content=\"Explore mouth watering Best street foods and snacks to eat in Brazil, from savory past\u00e9is to sweet a\u00e7a\u00ed, a true taste adventure.\" \/>\n<meta property=\"og:url\" content=\"https:\/\/cookinrio.com\/food\/foods-to-try-in-brazil\/street-foods-to-eat-in-brazil\/\" \/>\n<meta property=\"article:publisher\" content=\"https:\/\/www.facebook.com\/cookinrio\/\" \/>\n<meta property=\"article:modified_time\" content=\"2024-07-25T04:52:40+00:00\" \/>\n<meta property=\"og:image\" content=\"https:\/\/cookinrio.com\/food\/wp-content\/uploads\/2023\/10\/rfp11a-2013-web156.jpg\" \/>\n<meta name=\"twitter:card\" content=\"summary_large_image\" \/>\n<meta name=\"twitter:label1\" content=\"Est. reading time\" \/>\n\t<meta name=\"twitter:data1\" content=\"2 minutes\" \/>\n<script type=\"application\/ld+json\" class=\"yoast-schema-graph\">{\"@context\":\"https:\/\/schema.org\",\"@graph\":[{\"@type\":\"WebPage\",\"@id\":\"https:\/\/cookinrio.com\/food\/foods-to-try-in-brazil\/street-foods-to-eat-in-brazil\/\",\"url\":\"https:\/\/cookinrio.com\/food\/foods-to-try-in-brazil\/street-foods-to-eat-in-brazil\/\",\"name\":\"Street foods to eat in brazil | best mouth watering street foods guide\",\"isPartOf\":{\"@id\":\"https:\/\/cookinrio.com\/food\/#website\"},\"primaryImageOfPage\":{\"@id\":\"https:\/\/cookinrio.com\/food\/foods-to-try-in-brazil\/street-foods-to-eat-in-brazil\/#primaryimage\"},\"image\":{\"@id\":\"https:\/\/cookinrio.com\/food\/foods-to-try-in-brazil\/street-foods-to-eat-in-brazil\/#primaryimage\"},\"thumbnailUrl\":\"https:\/\/cookinrio.com\/food\/wp-content\/uploads\/2023\/10\/rfp11a-2013-web156.jpg\",\"datePublished\":\"2023-08-17T02:20:53+00:00\",\"dateModified\":\"2024-07-25T04:52:40+00:00\",\"description\":\"Explore mouth watering Best street foods and snacks to eat in Brazil, from savory past\u00e9is to sweet a\u00e7a\u00ed, a true taste adventure.\",\"breadcrumb\":{\"@id\":\"https:\/\/cookinrio.com\/food\/foods-to-try-in-brazil\/street-foods-to-eat-in-brazil\/#breadcrumb\"},\"inLanguage\":\"en-US\",\"potentialAction\":[{\"@type\":\"ReadAction\",\"target\":[\"https:\/\/cookinrio.com\/food\/foods-to-try-in-brazil\/street-foods-to-eat-in-brazil\/\"]}]},{\"@type\":\"ImageObject\",\"inLanguage\":\"en-US\",\"@id\":\"https:\/\/cookinrio.com\/food\/foods-to-try-in-brazil\/street-foods-to-eat-in-brazil\/#primaryimage\",\"url\":\"https:\/\/cookinrio.com\/food\/wp-content\/uploads\/2023\/10\/rfp11a-2013-web156.jpg\",\"contentUrl\":\"https:\/\/cookinrio.com\/food\/wp-content\/uploads\/2023\/10\/rfp11a-2013-web156.jpg\",\"width\":638,\"height\":850,\"caption\":\"street foods list in rio brazil\"},{\"@type\":\"BreadcrumbList\",\"@id\":\"https:\/\/cookinrio.com\/food\/foods-to-try-in-brazil\/street-foods-to-eat-in-brazil\/#breadcrumb\",\"itemListElement\":[{\"@type\":\"ListItem\",\"position\":1,\"name\":\"Home\",\"item\":\"https:\/\/cookinrio.com\/food\/\"},{\"@type\":\"ListItem\",\"position\":2,\"name\":\"Foods to try in Brazil\",\"item\":\"https:\/\/cookinrio.com\/food\/foods-to-try-in-brazil\/\"},{\"@type\":\"ListItem\",\"position\":3,\"name\":\"Street foods and snacks to eat in Brazil\"}]},{\"@type\":\"WebSite\",\"@id\":\"https:\/\/cookinrio.com\/food\/#website\",\"url\":\"https:\/\/cookinrio.com\/food\/\",\"name\":\"Cook in Rio\",\"description\":\"Travel Food Tips For Rio de Janeiro and Brazil\",\"publisher\":{\"@id\":\"https:\/\/cookinrio.com\/food\/#organization\"},\"potentialAction\":[{\"@type\":\"SearchAction\",\"target\":{\"@type\":\"EntryPoint\",\"urlTemplate\":\"https:\/\/cookinrio.com\/food\/?s={search_term_string}\"},\"query-input\":{\"@type\":\"PropertyValueSpecification\",\"valueRequired\":true,\"valueName\":\"search_term_string\"}}],\"inLanguage\":\"en-US\"},{\"@type\":\"Organization\",\"@id\":\"https:\/\/cookinrio.com\/food\/#organization\",\"name\":\"Cook in Rio Brazilian cooking classes\",\"url\":\"https:\/\/cookinrio.com\/food\/\",\"logo\":{\"@type\":\"ImageObject\",\"inLanguage\":\"en-US\",\"@id\":\"https:\/\/cookinrio.com\/food\/#\/schema\/logo\/image\/\",\"url\":\"https:\/\/cookinrio.com\/food\/wp-content\/uploads\/2023\/08\/COOKINRIO-LOGO-LARGE-nobg-scaled.webp\",\"contentUrl\":\"https:\/\/cookinrio.com\/food\/wp-content\/uploads\/2023\/08\/COOKINRIO-LOGO-LARGE-nobg-scaled.webp\",\"width\":2560,\"height\":1307,\"caption\":\"Cook in Rio Brazilian cooking classes\"},\"image\":{\"@id\":\"https:\/\/cookinrio.com\/food\/#\/schema\/logo\/image\/\"},\"sameAs\":[\"https:\/\/www.facebook.com\/cookinrio\/\",\"https:\/\/www.instagram.com\/cookinrio\/\"]}]}<\/script>\n<!-- \/ Yoast SEO plugin. -->","yoast_head_json":{"title":"Street foods to eat in brazil | best mouth watering street foods guide","description":"Explore mouth watering Best street foods and snacks to eat in Brazil, from savory past\u00e9is to sweet a\u00e7a\u00ed, a true taste adventure.","robots":{"index":"index","follow":"follow","max-snippet":"max-snippet:-1","max-image-preview":"max-image-preview:large","max-video-preview":"max-video-preview:-1"},"canonical":"https:\/\/cookinrio.com\/food\/foods-to-try-in-brazil\/street-foods-to-eat-in-brazil\/","og_locale":"en_US","og_type":"article","og_title":"Street foods to eat in brazil | best mouth watering street foods guide","og_description":"Explore mouth watering Best street foods and snacks to eat in Brazil, from savory past\u00e9is to sweet a\u00e7a\u00ed, a true taste adventure.","og_url":"https:\/\/cookinrio.com\/food\/foods-to-try-in-brazil\/street-foods-to-eat-in-brazil\/","article_publisher":"https:\/\/www.facebook.com\/cookinrio\/","article_modified_time":"2024-07-25T04:52:40+00:00","og_image":[{"url":"https:\/\/cookinrio.com\/food\/wp-content\/uploads\/2023\/10\/rfp11a-2013-web156.jpg","type":"","width":"","height":""}],"twitter_card":"summary_large_image","twitter_misc":{"Est. reading time":"2 minutes"},"schema":{"@context":"https:\/\/schema.org","@graph":[{"@type":"WebPage","@id":"https:\/\/cookinrio.com\/food\/foods-to-try-in-brazil\/street-foods-to-eat-in-brazil\/","url":"https:\/\/cookinrio.com\/food\/foods-to-try-in-brazil\/street-foods-to-eat-in-brazil\/","name":"Street foods to eat in brazil | best mouth watering street foods guide","isPartOf":{"@id":"https:\/\/cookinrio.com\/food\/#website"},"primaryImageOfPage":{"@id":"https:\/\/cookinrio.com\/food\/foods-to-try-in-brazil\/street-foods-to-eat-in-brazil\/#primaryimage"},"image":{"@id":"https:\/\/cookinrio.com\/food\/foods-to-try-in-brazil\/street-foods-to-eat-in-brazil\/#primaryimage"},"thumbnailUrl":"https:\/\/cookinrio.com\/food\/wp-content\/uploads\/2023\/10\/rfp11a-2013-web156.jpg","datePublished":"2023-08-17T02:20:53+00:00","dateModified":"2024-07-25T04:52:40+00:00","description":"Explore mouth watering Best street foods and snacks to eat in Brazil, from savory past\u00e9is to sweet a\u00e7a\u00ed, a true taste adventure.","breadcrumb":{"@id":"https:\/\/cookinrio.com\/food\/foods-to-try-in-brazil\/street-foods-to-eat-in-brazil\/#breadcrumb"},"inLanguage":"en-US","potentialAction":[{"@type":"ReadAction","target":["https:\/\/cookinrio.com\/food\/foods-to-try-in-brazil\/street-foods-to-eat-in-brazil\/"]}]},{"@type":"ImageObject","inLanguage":"en-US","@id":"https:\/\/cookinrio.com\/food\/foods-to-try-in-brazil\/street-foods-to-eat-in-brazil\/#primaryimage","url":"https:\/\/cookinrio.com\/food\/wp-content\/uploads\/2023\/10\/rfp11a-2013-web156.jpg","contentUrl":"https:\/\/cookinrio.com\/food\/wp-content\/uploads\/2023\/10\/rfp11a-2013-web156.jpg","width":638,"height":850,"caption":"street foods list in rio brazil"},{"@type":"BreadcrumbList","@id":"https:\/\/cookinrio.com\/food\/foods-to-try-in-brazil\/street-foods-to-eat-in-brazil\/#breadcrumb","itemListElement":[{"@type":"ListItem","position":1,"name":"Home","item":"https:\/\/cookinrio.com\/food\/"},{"@type":"ListItem","position":2,"name":"Foods to try in Brazil","item":"https:\/\/cookinrio.com\/food\/foods-to-try-in-brazil\/"},{"@type":"ListItem","position":3,"name":"Street foods and snacks to eat in Brazil"}]},{"@type":"WebSite","@id":"https:\/\/cookinrio.com\/food\/#website","url":"https:\/\/cookinrio.com\/food\/","name":"Cook in Rio","description":"Travel Food Tips For Rio de Janeiro and Brazil","publisher":{"@id":"https:\/\/cookinrio.com\/food\/#organization"},"potentialAction":[{"@type":"SearchAction","target":{"@type":"EntryPoint","urlTemplate":"https:\/\/cookinrio.com\/food\/?s={search_term_string}"},"query-input":{"@type":"PropertyValueSpecification","valueRequired":true,"valueName":"search_term_string"}}],"inLanguage":"en-US"},{"@type":"Organization","@id":"https:\/\/cookinrio.com\/food\/#organization","name":"Cook in Rio Brazilian cooking classes","url":"https:\/\/cookinrio.com\/food\/","logo":{"@type":"ImageObject","inLanguage":"en-US","@id":"https:\/\/cookinrio.com\/food\/#\/schema\/logo\/image\/","url":"https:\/\/cookinrio.com\/food\/wp-content\/uploads\/2023\/08\/COOKINRIO-LOGO-LARGE-nobg-scaled.webp","contentUrl":"https:\/\/cookinrio.com\/food\/wp-content\/uploads\/2023\/08\/COOKINRIO-LOGO-LARGE-nobg-scaled.webp","width":2560,"height":1307,"caption":"Cook in Rio Brazilian cooking classes"},"image":{"@id":"https:\/\/cookinrio.com\/food\/#\/schema\/logo\/image\/"},"sameAs":["https:\/\/www.facebook.com\/cookinrio\/","https:\/\/www.instagram.com\/cookinrio\/"]}]}},"_links":{"self":[{"href":"https:\/\/cookinrio.com\/food\/wp-json\/wp\/v2\/pages\/1402","targetHints":{"allow":["GET"]}}],"collection":[{"href":"https:\/\/cookinrio.com\/food\/wp-json\/wp\/v2\/pages"}],"about":[{"href":"https:\/\/cookinrio.com\/food\/wp-json\/wp\/v2\/types\/page"}],"author":[{"embeddable":true,"href":"https:\/\/cookinrio.com\/food\/wp-json\/wp\/v2\/users\/1"}],"replies":[{"embeddable":true,"href":"https:\/\/cookinrio.com\/food\/wp-json\/wp\/v2\/comments?post=1402"}],"version-history":[{"count":43,"href":"https:\/\/cookinrio.com\/food\/wp-json\/wp\/v2\/pages\/1402\/revisions"}],"predecessor-version":[{"id":4242,"href":"https:\/\/cookinrio.com\/food\/wp-json\/wp\/v2\/pages\/1402\/revisions\/4242"}],"up":[{"embeddable":true,"href":"https:\/\/cookinrio.com\/food\/wp-json\/wp\/v2\/pages\/1735"}],"wp:attachment":[{"href":"https:\/\/cookinrio.com\/food\/wp-json\/wp\/v2\/media?parent=1402"}],"curies":[{"name":"wp","href":"https:\/\/api.w.org\/{rel}","templated":true}]}}